**3. Suppose -10*c - 56 = -2*c. Calculate g(c).
6
Let x(t) = -t + 1. Let d(i) = -5*i**2 - 4*i + 14. Let j(o) = d(o) - 5*x(o). Give j(4).
-67
Suppose -5*r + 596 = 2*x, -x - 1455 = -6*x + 5*r. Suppose x = -12*w + 221. Let i(m) = m + 2. Calculate i(w).
-4
Let m(u) = -u**3 - 13*u**2 - 16. Let g(h) = -6*h - 181 - 82 + 0*h + 4. Let b be g(-41). Determine m(b).
-16
Let s be (-6)/(-4)*2/3. Suppose 0 = 3*c + 3*f - 105, 0 = 4*c + c + 2*f - 172. Let k(o) = 72*o**3 - 37*o**3 - c*o**3 + o + o**2 - 1. Give k(s).
2
Let u be 132 + (-2 - (-10 + 5)). Let n(l) = -u*l + 291*l - 135*l + 32 - 18*l**2 - l**3. Determine n(-19).
-6
Suppose -71*i + 272*i = -1360 - 1253. Let l(w) = -w**2 - w + 26. Determine l(i).
-130
Let n(a) = a**2 - 21. Let t be n(6). Let p be ((-7)/(-2))/(t/(-30)). Let j(g) = g**2 + 9*g + 11. Give j(p).
-3
Suppose -a - 1 = -0*a. Let b be 1 + (4 - (a - -6)). Suppose 0 = -2*y + p, 3*y + b*p - p = 0. Let c(s) = -s**2 + 15. Calculate c(y).
15
Let l(v) = -11*v**2 - 22*v - 3. Let d(t) = -5*t**2 - 9*t. Let a(s) = 2*d(s) - l(s). Suppose -3*b - 8 = -x, 2*x = 5*b + 7 + 7. What is a(b)?
-1
Let j(x) = -x**3 - 2*x**2 - x - 5. Suppose 22*t - 4*i - 10 = 25*t, -4*i = -2*t. Determine j(t).
-3
Let h(g) be the third derivative of -g**5/30 + g**4/12 - g**3/6 + 2*g**2. Suppose -4*n = -532 - 268. Let p = n - 202. Give h(p).
-13
Let t(c) = -50*c + 2*c**2 + c**2 + 27*c - 196 - 2*c**2. Calculate t(-7).
14
Let x(u) be the second derivative of u**5/20 - u**4/2 + u**3/3 - 4*u**2 + 286*u - 2. Suppose 12 = -f + 20. Let z = f + -2. Calculate x(z).
4
Let p(q) be the first derivative of -14*q**3/3 + 127*q**2/2 - 12*q + 9134. Calculate p(9).
-3
Let g(j) = 10*j + 17*j + 2 + 12*j + 2 - 44*j + 7*j. Let a(y) = 2*y. Let p be a(3). Suppose 2*x - o + p = 0, 3*x + 3*o = -0*x - 27. Give g(x).
-6
Let q(y) be the first derivative of y**4/4 + 17*y**3/3 + 10*y**2 + 29*y - 5425. Calculate q(-16).
-35
Let i(o) = -24908*o**2 - 11*o - 4 + 10 + 24909*o**2. What is i(12)?
18
Let o(b) = b**2 - b + 6. Suppose g = -h - 1, -4*h + 10*g + 23 = 5*g. Let r be ((-5)/(-10))/(h/8). What is o(r)?
8
Let w(d) be the first derivative of d**5/20 + 7*d**4/12 + d**3/2 - 100*d - 88. Let o(a) be the first derivative of w(a). Give o(-7).
-21
Let j be (489/9)/((-3)/(-9)). Let g(l) = -3*l**2 + 167 + l - j + l. Let s be g(-1). Let u(o) = 3*o + 1. Give u(s).
-2
Let b = 342 + -353. Let l(m) = 2*m**3 - 3*m**2. Let u(w) = -w**3 + w**2. Let q(k) = b*u(k) - 4*l(k). Give q(2).
28
Let x(t) = -t - 30. Let v = 1114 + -1144. Determine x(v).
0
Let j(u) = 34*u - 73. Let s(v) = 49*v - 74. Let b(x) = -3*j(x) + 2*s(x). Calculate b(22).
-17
Suppose -2*f + 661 = -4*d - 129, f - 395 = -3*d. Let l = f + -394. Let z(w) = 4*w - 5. Let v(x) = 4*x - 4. Let j(h) = -4*v(h) + 3*z(h). Calculate j(l).
-3
Let m(p) = 193*p - 53*p - 40*p - 82*p. What is m(9)?
162
Let c = 20803 + -20799. Let m(h) = 7*h + 34. Calculate m(c).
62
Let i(x) be the first derivative of x**3/3 - 4*x**2 + 6*x + 4. Let m(v) = -255*v - 2288. Let o be m(-9). Calculate i(o).
-1
Let l(d) = -11*d**2 - 9*d - 2*d + 17*d**2 + d**3 - 7*d + 61 + 14*d**2. Calculate l(-21).
-2
Let s(b) = b + 2. Let a(n) = 2*n + 5. Let o(r) = -2*a(r) + 5*s(r). Let i be 29*-1 - (2 + (-16)/4). Let v be 3/(-1) - (i - -23). What is o(v)?
1
Let n(x) be the second derivative of 1/24*x**4 + 0*x**3 + 10*x - 15/2*x**2 + 0 + 3/20*x**5. Let c(v) be the first derivative of n(v). What is c(-1)?
8
Let o(p) = -p**2 - 15*p - 34. Let f be -1 - ((-3)/(-15) + 72/40) - 12. Give o(f).
-34
Let q = -10209 + 10210. Let m(t) = 20*t - 5. Determine m(q).
15
Suppose 0 = 2*c + 3*k - 25, 2*c - 55 = 3*k - 24. Let x(i) = -5*i + 13. Calculate x(c).
-57
Let n(v) = -v**3 - 9*v**2 - 7*v + 4. Let q be (6/12 + 1/(-2))/2. Suppose -2*g - 28 = 3*i, -3*i + q*g - 20 = -2*g. Give n(i).
-4
Let h(s) = s**3 + 2*s**2 - 2*s + 8. Let v = -7 - -7. Let o be h(v). Let c(k) = -2*k**2 - o + 2*k + 17 - 4*k - 10. Give c(-3).
-13
Let l = 1496 - 1491. Let n(c) = 6*c - 28. What is n(l)?
2
Let l(m) be the first derivative of m**4/4 + 11*m**3/3 + 5*m**2 + 6*m + 2. Suppose o = -5*n + 121 + 656, -5*o = -4*n + 639. Let c = n + -166. Give l(c).
6
Let t(d) = d. Let j(v) = 5*v**2 + 4*v - 1. Let a(q) = j(q) - 6*t(q). Let y = -271 - -269. Determine a(y).
23
Let p(f) = 7*f + 1. Let x = -2822 + 2827. Give p(x).
36
Let z(y) be the first derivative of 6*y**2 - 227 + 2/3*y**3 + y. Calculate z(-6).
1
Let x(w) = w**3 - 6724*w + 6*w**2 + 11 + 6740*w + 3*w**3. Let b(p) = 5*p**3 + 5*p**2 + 17*p + 10. Let d(o) = 5*b(o) - 6*x(o). Determine d(12).
-4
Let h(u) be the first derivative of -u**2/2 + 7*u - 8. Let z be -3*1*(1 + (-10)/15)*5. Determine h(z).
12
Let w(y) be the first derivative of -1/20*y**5 + 0*y - 1/6*y**4 + 6*y**2 + 12 - 1/120*y**6 - 2/3*y**3. Let b(q) be the second derivative of w(q). What is b(-3)?
8
Let y(q) be the third derivative of -q**4/24 - q**3/6 + 782*q**2. Let x(p) = 3*p + 3. Let n = 2 - -1. Let h(k) = n*x(k) + 8*y(k). Give h(4).
5
Let w(k) be the first derivative of 3*k**2/2 - 18*k + 637. What is w(9)?
9
Suppose -48 = -34*x + 52*x - 26*x. Let i(v) = v**2 - 2*v - 6. Calculate i(x).
18
Let t(n) be the first derivative of n**4/4 + 2*n**3 - 4*n**2 + 2*n + 1. Suppose -19*v + 36 = -21. Suppose -v*z + 7 = -4*z. Give t(z).
9
Let f(g) = 6*g - 2*g + 4*g - 11*g + g - 30. What is f(-22)?
14
Let b(z) = 61*z - 14 - 19 - 16 - 49*z - 74. Determine b(10).
-3
Suppose 3*y = -k - y + 42, 87 = 2*k + 5*y. Suppose -5*q - k = 4. Let w(r) be the third derivative of r**5/60 + 3*r**4/8 - r**3/2 - r**2. Give w(q).
7
Let w(q) = 11*q**3 + 15*q**2 + 7*q - 12. Let j = 209 - 217. Let t(k) = 4*k**3 + 5*k**2 + 2*k - 4. Let o(m) = j*t(m) + 3*w(m). Give o(-4).
-8
Let r(x) = -x**2 - x + 3. Let i be (-1 - 3/(-9))/((-14)/231). Suppose 3*u + 4*t - 2*t - i = 0, -7 = -4*u + 5*t. Determine r(u).
-9
Suppose 3*h - 2*i - 14 = 0, 2*h + 209*i - 5 = 206*i. Let j(f) = f**2 - 9*f + 5. Determine j(h).
-15
Let i(v) = -v**2 + 2*v + 18. Let r be i(6). Let k be (2/r)/(5/120). Let x(z) = z**2 + 8*z - 5. Determine x(k).
-5
Suppose 6*t - 4 = 2*q + t, -36 = 2*q + 3*t. Let u(d) = d**2 + 1. Let f(s) = -7*s**2 - 10*s + 8. Let i(z) = f(z) + 6*u(z). Calculate i(q).
-10
Let r(y) be the second derivative of y**7/210 + y**5/60 + y**4/24 - 59*y**3/6 - 46*y. Let s(m) be the second derivative of r(m). What is s(-1)?
-5
Let n be ((1/4)/(159/(-212)))/((-1)/(-87)). Let v(r) = 2*r**2 + 57*r - 24. Calculate v(n).
5
Let i(t) = -645 + t + 0*t**3 + t**3 - 652 + 1309 + 6*t**2. Calculate i(-6).
6
Let n(h) = -2*h - 16. Suppose 0 = 39*c - 85 - 266. Determine n(c).
-34
Let s(t) = -3*t**2 - 1765*t - 1764. Let x be s(-1). Let b(a) = a**3 + a**2 + 5*a + 14. Calculate b(x).
0
Let g be (-81)/54*(-1 + 38/(-6)). Let f(t) = -t + 31. Give f(g).
20
Let w(d) = -d**2 + 2*d + 2. Let t be w(3). Let c(n) be the first derivative of -n**2 - n + 28819. Give c(t).
1
Suppose -14*q + 3*q = -275. Suppose 2*d + 9 = 2*l - 1, 0 = 5*l - 3*d - q. Let k(y) = -3*y + 8. Determine k(l).
-7
Let l be 228/(-23) + (5/(-20))/(46/16). Let x(m) = -11*m**2 - 29*m. Let u(r) = 5*r**2 + 14*r. Let o(b) = 9*u(b) + 4*x(b). Give o(l).
0
Let a = 62 + -46. Let o be (5 - (a + -1))/1. Let x(q) = -q**3 - 9*q**2 + 10*q + 6. What is x(o)?
6
Suppose -382*u - 1484 = -386*u. Let i = u + -374. Let h(g) = -g**3 - 4*g**2 - 3*g - 3. Determine h(i).
-3
Let f be ((0/6)/2)/(5 - 2). Let t(s) = f*s + 6*s**2 - s - 2*s + 2*s. Determine t(1).
5
Let x(p) = -3*p - 14. Suppose t = 2*j + 6800, -2*t = 2*t - 5*j - 27200. Let o be (-4)/9 + t/(-900). Calculate x(o).
10
Let x(c) be the first derivative of -4*c + 7/2*c**2 - 3. Calculate x(-4).
-32
Let f(q) = q**2 + 3*q - 3. Suppose 8 = -5*b + 9*b. Suppose -2*u + 3*n = 14, u + 7*n - b*n - 19 = 0. Let m be -4*(-3)/4*u + -3. What is f(m)?
15
Let r(w) = -50*w + 292. Suppose 28*c - 29*c - 31 = -4*f, 4*c + 40 = 2*f. What is r(f)?
-8
Let t(n) = -24*n + 78. Let c(v) = -11*v + 1. Let q(d) = -6*c(d) + 2*t(d). Determine q(-8).
6
Let n = 9127 + -9117. Let q(j) = -5*j + 66. Give q(n).
16
Let w(u) = u**3 + 87*u**2 + 256*u + 320. Let o be w(-84). Let g(h) = -2*h - 29. Give g(o).
3
Let y(x) = 3*x + 9. Let v be 3 + 1 + 4/2. Let d(r) = -4*r - 10. Suppose -3*g + 40 = -5*n, 30*n - 33*n = 3*g. Let b(l) = g*d(l) + v*y(l). Give b(4).
-4
Let g(y) = y**3 + 7*y**2 - 8*y - 1. Let i(j) be the third deri